ivided by 28.
26
Suppose 615*n - 221 = 614*n. What is the remainder when n is divided by 9?
5
Suppose 4*z + 20 = 2*q + 2*q, -2*q + 5*z + 25 = 0. Suppose q = -6*k + 50 + 52. Calculate the remainder when k is divided by 15/25*(-1 - -16).
8
Let j = 159 + -67. Suppose 0 = -4*x + 4*a + 64, -5*x + j = -0*a + a. What is the remainder when 69 is divided by x?
15
Suppose 0*j + j - 3*s = -9, 6 = 4*j + 2*s. Suppose 3*z = -2*y + z + 18, j = -2*y + 3*z + 28. Calculate the remainder when 27 is divided by y.
5
Let x = -26 - -44. Suppose 3*g - 35 = -4*g. Suppose g*z + z = 42. What is the remainder when x is divided by z?
4
Let f = -651 - -1115. Calculate the remainder when f is divided by 15.
14
What is the remainder when 58 is divided by 8/100 + -212*(-16)/100?
24
Let b = 43 + 25. Calculate the remainder when b is divided by 170/(-255) - 88/(-6).
12
Let i(k) = k**2 - k + 4. What is the remainder when 12/(((-24)/(-1000))/((-5)/(-25))) is divided by i(-5)?
32
Let u = 127 + -67. Suppose -27*z = -26*z - u. What is the remainder when z is divided by 21?
18
Suppose 4 = 5*b - 6*b. Suppose 4*h + 116 = 6*h. What is the remainder when h is divided by -4 + 2/b*-38?
13
Suppose v + 0 - 3 = 0. Suppose v*r + 3 = 4*r. Suppose -101 = -4*u - r*q, -99 = -5*u - q + 30. What is the remainder when u is divided by 9?
8
Suppose 0*o + 2*o = -2. What is the remainder when (o/2)/((-17)/510) is divided by (-9)/(-6 - -3) + 1?
3
Suppose 8 = -2*c + c + 5*n, 3*n = 4*c - 2. Suppose 4*b - 48 = c*b. Suppose 4*d - 27 = 29. What is the remainder when b is divided by d?
10
Let b be ((-42)/28)/(3/(-26)). Suppose -5*z - 3*l = -5 - 0, 2*z - b = l. Calculate the remainder when 8 is divided by z.
0
Suppose 138*q - 139*q = -413. Suppose -5*f + 427 = -q. Calculate the remainder when f is divided by 17.
15
Let g = 10 + -2. Let j(w) = 7*w**2 - 7*w**3 - 8*w + 9 + 1 + g*w**3 + 1. What is the remainder when 30 is divided by j(-8)?
8
Let h = 231 + -63. Calculate the remainder when h is divided by 34.
32
Suppose 5*m + 0*m = 20. Suppose -5*f - 5*g + 153 = -g, -21 = -f + m*g. What is the remainder when f is divided by 8?
5
Suppose 0*w = -w + 10. Let c = -914 + 973. What is the remainder when c is divided by w?
9
Let j = -1 - -3. Let w(h) = -28*h + 602. What is the remainder when w(21) is divided by j?
0
Let a = 173 - 135. Calculate the remainder when a is divided by 38.
0
Let m(c) = -c**3 + 47*c**2 + 55*c - 312. Calculate the remainder when 471 is divided by m(48).
15
Suppose o = -4*o + 90. Let u = 2535 - 2508. What is the remainder when u is divided by o?
9
Suppose -2*o + 6 + 52 = 0. Suppose -3 = -2*i + o. Suppose -4*y - 5*a = -102 + 3, -114 = -4*y - 2*a. What is the remainder when y is divided by i?
15
Suppose -g - c + 14 = c, 0 = -5*g - 2*c + 30. Suppose -77 + 9 = -g*d. Calculate the remainder when 290/6 - (-4)/6 is divided by d.
15
Let r(i) = i**2 - 18*i + 9. Let w be r(18). Let f = 18 - w. Let s(u) = 5*u**2 + 2*u. Calculate the remainder when s(-2) is divided by f.
7
Let c be -1*(4/(1 + 1) + -2). Calculate the remainder when 6 is divided by (c - (-2)/2) + (-4)/(-2).
0
Let g = -34 + 44. Suppose -2*k = -c + g - 48, 4*c = 8. What is the remainder when k is divided by 11?
9
Suppose 27 = 3*z + 3*c, -3*z - 8*c + 29 = -3*c. What is the remainder when (133/19 - 4/1) + 43 is divided by z?
6
Let y = -1436 + 1468. What is the remainder when 350 is divided by y?
30
Let b = 19 - 19. Suppose -10*y + 12*y - 266 = b. Calculate the remainder when y is divided by 27.
25
Let a = -372 - -405. What is the remainder when 78 is divided by a?
12
Suppose w - 70 = -5*p + 24, -4*w - 3*p + 308 = 0. Calculate the remainder when 141 is divided by w.
67
Calculate the remainder when (-1 + 4 - -13)/((-3)/(-165)) is divided by 21.
19
Let s(r) = -2*r**3 - 17*r**2 - 10*r + 15. What is the remainder when 338 is divided by s(-8)?
28
Let q = 7 + 22. Calculate the remainder when q is divided by 14.
1
Suppose 4*j + w - 106 = 0, -2*j + 2*w - 21 = -69. Calculate the remainder when 856 is divided by j.
24
Suppose -4*r = 4*h + 24, 2*h + 2 = r - 4. Calculate the remainder when ((-110)/h)/((-12)/(-24)) is divided by 28.
27
Calculate the remainder when (-76)/(-1) - -5 - 6/3 is divided by 27.
25
Suppose 5*p = -20, 5*a - 9*a = 3*p - 1436. What is the remainder when a is divided by 73?
70
Let i(b) = 12*b**2 - 9*b - 21. What is the remainder when i(4) is divided by 45?
0
Let i(k) = -k**2 - 6*k + 15. Let v be i(-14). Suppose 80 = -h - 3*t, 2*h + 25 = 3*t - 90. Let a = h - v. Calculate the remainder when 95 is divided by a.
31
Suppose 2*l + 3*l = 0, 2*l = 2*m - 12. Let a(d) = -54*d + 1518. Calculate the remainder when m is divided by a(28).
0
Let z = 67 - 59. Suppose 4*r + 212 = z*r. What is the remainder when r is divided by 28?
25
Let g be 6*4/(-8) + -3. Suppose -r - 36 = -n + 2*r, 0 = n - r - 34. Calculate the remainder when (6 + 129 + g)*1 is divided by n.
30
Suppose 0 = -18*s + 16*s + 8. Suppose -s*a + f = 20 - 87, 4*f - 36 = -3*a. Calculate the remainder when 61 is divided by a.
13
Let d = 2926 - 2903. Calculate the remainder when 6/(-9) - (-134)/3 is divided by d.
21
Let l(j) = -2*j - 18. Let u be l(-19). Suppose -7*y + u = -2*y. Calculate the remainder when 12 is divided by y.
0
Let r = 36 + -34. Suppose 4*j = r*j + 8. Let u(a) = -2*a - 3. Calculate the remainder when u(-7) is divided by j.
3
Suppose 4*k = -2*n - 122, -5*k - 2*n + n - 157 = 0. Calculate the remainder when (91 + k)*2/2 is divided by 21.
17
Suppose 896 = -56*h + 6048. Calculate the remainder when h is divided by 21.
8
Suppose -2*o = 3*s - 14 - 33, 5*s + 3*o - 77 = 0. Let x be -9 + -1 + 0/2. Let i = s - x. Calculate the remainder when i is divided by 12.
11
Let x(j) = -j + 23. Let w(l) = l**2 + 2*l. Let t be w(-3). What is the remainder when 34 is divided by x(t)?
14
Suppose c + 8 = -4*z, 0 = 8*z - 3*z - 5*c - 15. Let a = z + 15. What is the remainder when 83 is divided by a?
13
Let q be 4/7 + 569070/126. Suppose -13*j = -q + 1163. Calculate the remainder when j is divided by 65.
63
Let v = 15 + -21. Let a(l) = -3*l - 9. Let g(d) = d**2 - 3*d + 5. Calculate the remainder when g(5) is divided by a(v).
6
Suppose -15 = 3*a - 4*n, -2*a - 5*n - 7 = 3. Let o(l) = l**2 + 4*l + 3. What is the remainder when 13 is divided by o(a)?
5
Let t = 59 + -36. Suppose -2*y - 63 + t = 0. Calculate the remainder when 31 is divided by ((-48)/(-10))/((-6)/y).
15
Let j = -113 - -114. Let t = 17 - 11. Suppose -t = -3*c - 4*x + x, -5 = -2*c - x. What is the remainder when c is divided by j?
0
Suppose 0 = 6*d - 13*d + 273. Calculate the remainder when 388 is divided by d.
37
Suppose 32*z + 3*z - 2975 = 0. What is the remainder when z is divided by 44?
41
Suppose -13*f + 225 + 321 = 0. Calculate the remainder when 137 is divided by f.
11
Let o be 13/(-3 - (-2 + -2)). Let z = o + -20. Let c(t) = -6*t + 7. What is the remainder when c(z) is divided by 13?
10
Suppose 4*b = 4*n + 44, 4*b - 5*n - 27 = b. Calculate the remainder when -2 - (0 + -2) - -19 is divided by b.
5
Let w = -1297 - -2240. What is the remainder when w is divided by 43?
40
Let y = -417 + 438. Calculate the remainder when 42 is divided by y.
0
Suppose -132 = -4*o - 4*y, -7*o + 2*o + 2*y = -165. Calculate the remainder when 560 is divided by o.
32
Suppose 0*m = m - 25. Let w(x) = 5*x**3 - 5*x**2 + 5*x - 10. What is the remainder when w(3) is divided by m?
20
Let w = 13 - 7. Suppose -2*q = -w, -s - 2*q = 3*q - 102. Suppose k + 18 = s. Calculate the remainder when k is divided by 18.
15
Suppose 36*q = 9*q + 594. What is the remainder when 503 is divided by q?
19
Let i(v) be the third derivative of 5/6*v**3 - 1/8*v**4 + 0 + 0*v + 6*v**2. What is the remainder when 33 is divided by i(-4)?
16
Suppose 5*i - z = -5*z + 71, -4*i - z + 48 = 0. Let n = -21 + 41. Calculate the remainder when n is divided by i.
9
Suppose 106 + 46 = 4*r - 4*o, 0 = -4*r - 5*o + 197. Calculate the remainder when r is divided by 7.
1
Suppose -9*o = -112 - 500. Calculate the remainder when 188 is divided by o.
52
Suppose -3*d = 3*q + 18, -3*q + 0 + 2 = -d. Suppose 5*l = -15, 0*c + 2*c + 5*l = -5. Calculate the remainder when 50 is divided by 63/c + (-2)/d.
11
Suppose -189*s - 42 = -190*s. Calculate the remainder when 144 is divided by s.
18
Suppose -11*b = -520 - 52. Calculate the